{"id":976,"date":"2021-05-31T18:55:31","date_gmt":"2021-05-31T18:55:31","guid":{"rendered":"https:\/\/ecotalleres.es\/?post_type=product&#038;p=976"},"modified":"2025-02-04T14:59:36","modified_gmt":"2025-02-04T14:59:36","slug":"videocurso-masaje-vital","status":"publish","type":"product","link":"https:\/\/ecotalleres.es\/?product=videocurso-masaje-vital","title":{"rendered":"VIDEOCURSO MASAJE ENERG\u00c9TICO VITAL ESPIRITUAL"},"content":{"rendered":"<h4><strong><span style=\"color: #0000ff;\">\u00a1CU\u00c1NTOS MALES CORPORALES Y ESPIRITUALES PODEMOS EVITAR D\u00c1NDONOS UN MASAJE!<\/span><\/strong><\/h4>\n<h2 style=\"text-align: center;\">Life Food of Paradise<\/h2>\n<h3 style=\"text-align: center;\">ALIMENTO DE VIDA DEL PARA\u00cdSO<\/h3>\n<p style=\"text-align: center;\"><span style=\"color: #ff0000;\"><strong> \u2014\u00a0RELAJA, LIMPIA Y FORTALECE CUERPO Y ALMA<\/strong><\/span><\/p>\n<p style=\"text-align: center;\"><span style=\"color: #ff0000;\"><strong>\u2014FORTALECE M\u00daSCULOS Y ELIMINA CONTRACTURAS<\/strong><\/span><\/p>\n<p style=\"text-align: center;\"><span style=\"color: #ff0000;\"><strong>\u2014ACTIVA EL SISTEMA ENDOCRINO E INMUNOL\u00d3GICO\u00a0<\/strong><\/span><\/p>\n<p style=\"text-align: center;\"><span style=\"color: #ff0000;\"><strong>\u2014REVITALIZA Y EQUILIBRA EL SISTEMA NERVIOSO Y EMOCIONAL<\/strong><\/span><\/p>\n<h5><strong>EN ESTE VIDEO CURSO APRENDER\u00c1S PERFECTAMENTE LAS CUATRO\u00a0 T\u00c9CNICAS ESENCIALES DE LAS TERAPIAS NATURALES: MASAJE SENSITIVO O RELAJANTE, TERAP\u00c9UTICO, DRENAJE LINF\u00c1TICO Y ENERG\u00c9TICO VITAL ESPIRITUAL. <\/strong><strong>CON ESTE MASAJE ACTIVAR\u00c1S TODOS LOS CENTROS ENERG\u00c9TICOS DEL CUERPO Y ALMA.<\/strong><\/h5>\n<h4>PUEDES ELEGIR LA OPCI\u00d3N DEL CURSO DE MASAJE VITAL CON TUTOR\u00cdA PARA APRENDER CORRECTAMENTE LAS CUATRO T\u00c9CNICAS Y ALCANZAR EL GRADO SUPERIOR O MAESTR\u00cdA DEL MASAJE ENERG\u00c9TICO VITAL ESPIRITUAL.<\/h4>\n<h4>LA \u00daLTIMA DE LAS T\u00c9CNICAS: LA ENERG\u00c9TICA ESPIRITUAL ES LA M\u00c1S PODEROSA Y EFICAZ. SE PUEDE APLICAR A TODO TIPO DE PERSONAS E INCLUSO A CUALQUIER SER VIVO DE LA NATURALEZA. Si SE DOMINA ESTA T\u00c9CNICA, SE OBTIENE RESULTADOS ESPECTACULARES.<\/h4>\n<p>&nbsp;<\/p>\n<h2 style=\"text-align: center;\"><strong><span style=\"color: #ff0000;\">ESTE MASAJE DOTA TANTO AL ALMA COMO AL CUERPO DE UNA PERFECTA ARMON\u00cdA NATURAL.<\/span><\/strong><\/h2>\n","protected":false},"excerpt":{"rendered":"<h6><span style=\"font-size: 16px;\">Una obra de 35 videos, duraci\u00f3n de 140 minutos. Con fotos, im\u00e1genes y con todos los detalles de las aplicaciones de cada t\u00e9cnica. El Masaje energ\u00e9tico vital espiritual es la energ\u00eda de las esencias de la naturaleza y el universo para aplicarlo al hombre o a cualquier ser vivo. (ESTE VIDEOCURSO VIENE COMPRIMIDO EN RAR, PARA UNA CORRECTA VISUALIZACI\u00d3N DEL CONTENIDO ES RECOMENDABLE EXTRAERLOS TODOS EN SU EQUIPO DE LOS 35 VIDEOS QUE CONTIENE Y VISUALIZARLOS UNA VEZ EXTRA\u00cdDOS. PESO O CAPACIDAD DE LOS VIDEOS: 15 GB).<\/span><\/h6>\n<p><span style=\"color: #0000ff;\"> <strong>CON ESTE VIDEO CURSO TIENES DERECHO A CUATRO CONSULTAS POR VIDEOLLAMADA DE UNA HORA CADA UNA, CON EL PROFESOR.<\/strong> <\/span><\/p>\n<h5><span style=\"color: #ff0000;\">\u2014ATENCI\u00d3N JUNTO AL VIDEO CURSO, SE ADJUNTA DOSIER CON TEXTO Y FOTOGRAF\u00cdAS DE TODAS LAS T\u00c9CNICAS DEL MASAJE VITAL.<\/span><\/h5>\n<p>&nbsp;<\/p>\n","protected":false},"featured_media":818,"comment_status":"open","ping_status":"closed","template":"","meta":{"_monsterinsights_skip_tracking":false,"_monsterinsights_sitenote_active":false,"_monsterinsights_sitenote_note":"","_monsterinsights_sitenote_category":0,"site-sidebar-layout":"default","site-content-layout":"default","ast-site-content-layout":"default","site-content-style":"default","site-sidebar-style":"default","ast-global-header-display":"","ast-banner-title-visibility":"","ast-main-header-display":"","ast-hfb-above-header-display":"","ast-hfb-below-header-display":"","ast-hfb-mobile-header-display":"","site-post-title":"","ast-breadcrumbs-content":"","ast-featured-img":"","footer-sml-layout":"","ast-disable-related-posts":"","theme-transparent-header-meta":"default","adv-header-id-meta":"","stick-header-meta":"","header-above-stick-meta":"","header-main-stick-meta":"","header-below-stick-meta":"","astra-migrate-meta-layouts":"set","ast-page-background-enabled":"default","ast-page-background-meta":{"desktop":{"background-color":"","background-image":"","background-repeat":"repeat","background-position":"center center","background-size":"auto","background-attachment":"scroll","background-type":"","background-media":"","overlay-type":"","overlay-color":"","overlay-opacity":"","overlay-gradient":""},"tablet":{"background-color":"","background-image":"","background-repeat":"repeat","background-position":"center center","background-size":"auto","background-attachment":"scroll","background-type":"","background-media":"","overlay-type":"","overlay-color":"","overlay-opacity":"","overlay-gradient":""},"mobile":{"background-color":"","background-image":"","background-repeat":"repeat","background-position":"center center","background-size":"auto","background-attachment":"scroll","background-type":"","background-media":"","overlay-type":"","overlay-color":"","overlay-opacity":"","overlay-gradient":""}},"ast-content-background-meta":{"desktop":{"background-color":"var(--ast-global-color-5)","background-image":"","background-repeat":"repeat","background-position":"center center","background-size":"auto","background-attachment":"scroll","background-type":"","background-media":"","overlay-type":"","overlay-color":"","overlay-opacity":"","overlay-gradient":""},"tablet":{"background-color":"var(--ast-global-color-5)","background-image":"","background-repeat":"repeat","background-position":"center center","background-size":"auto","background-attachment":"scroll","background-type":"","background-media":"","overlay-type":"","overlay-color":"","overlay-opacity":"","overlay-gradient":""},"mobile":{"background-color":"var(--ast-global-color-5)","background-image":"","background-repeat":"repeat","background-position":"center center","background-size":"auto","background-attachment":"scroll","background-type":"","background-media":"","overlay-type":"","overlay-color":"","overlay-opacity":"","overlay-gradient":""}}},"product_brand":[],"product_cat":[36],"product_tag":[40,42,43,41],"class_list":{"0":"post-976","1":"product","2":"type-product","3":"status-publish","4":"has-post-thumbnail","6":"product_cat-videocursos-masajes","7":"product_tag-drenaje-linfatico","8":"product_tag-frutos-de-la-vida","9":"product_tag-masaje-sensitivo","10":"product_tag-renovacion-venosa","11":"desktop-align-left","12":"tablet-align-left","13":"mobile-align-left","15":"first","16":"instock","17":"downloadable","18":"virtual","19":"taxable","20":"purchasable","21":"product-type-simple"},"yoast_head":"<!-- This site is optimized with the Yoast SEO plugin v27.3 - https:\/\/yoast.com\/product\/yoast-seo-wordpress\/ -->\n<title>VIDEOCURSO MASAJE ENERG\u00c9TICO VITAL ESPIRITUAL - ECOTALLERES<\/title>\n<meta name=\"robots\" content=\"index, follow, max-snippet:-1, max-image-preview:large, max-video-preview:-1\" \/>\n<link rel=\"canonical\" href=\"https:\/\/ecotalleres.es\/?product=videocurso-masaje-vital\" \/>\n<meta property=\"og:locale\" content=\"es_ES\" \/>\n<meta property=\"og:type\" content=\"article\" \/>\n<meta property=\"og:title\" content=\"VIDEOCURSO MASAJE ENERG\u00c9TICO VITAL ESPIRITUAL - ECOTALLERES\" \/>\n<meta property=\"og:description\" content=\"Una obra de 35 videos, duraci\u00f3n de 140 minutos. Con fotos, im\u00e1genes y con todos los detalles de las aplicaciones de cada t\u00e9cnica. El Masaje energ\u00e9tico vital espiritual es la energ\u00eda de las esencias de la naturaleza y el universo para aplicarlo al hombre o a cualquier ser vivo. (ESTE VIDEOCURSO VIENE COMPRIMIDO EN RAR, PARA UNA CORRECTA VISUALIZACI\u00d3N DEL CONTENIDO ES RECOMENDABLE EXTRAERLOS TODOS EN SU EQUIPO DE LOS 35 VIDEOS QUE CONTIENE Y VISUALIZARLOS UNA VEZ EXTRA\u00cdDOS. PESO O CAPACIDAD DE LOS VIDEOS: 15 GB).  CON ESTE VIDEO CURSO TIENES DERECHO A CUATRO CONSULTAS POR VIDEOLLAMADA DE UNA HORA CADA UNA, CON EL PROFESOR.  \u2014ATENCI\u00d3N JUNTO AL VIDEO CURSO, SE ADJUNTA DOSIER CON TEXTO Y FOTOGRAF\u00cdAS DE TODAS LAS T\u00c9CNICAS DEL MASAJE VITAL. &nbsp;\" \/>\n<meta property=\"og:url\" content=\"https:\/\/ecotalleres.es\/?product=videocurso-masaje-vital\" \/>\n<meta property=\"og:site_name\" content=\"ECOTALLERES\" \/>\n<meta property=\"article:modified_time\" content=\"2025-02-04T14:59:36+00:00\" \/>\n<meta property=\"og:image\" content=\"https:\/\/ecotalleres.es\/wp-content\/uploads\/2021\/05\/MASAJE-VITAL-18-1-scaled.jpg\" \/>\n\t<meta property=\"og:image:width\" content=\"1920\" \/>\n\t<meta property=\"og:image:height\" content=\"2560\" \/>\n\t<meta property=\"og:image:type\" content=\"image\/jpeg\" \/>\n<meta name=\"twitter:card\" content=\"summary_large_image\" \/>\n<meta name=\"twitter:label1\" content=\"Tiempo de lectura\" \/>\n\t<meta name=\"twitter:data1\" content=\"1 minuto\" \/>\n<script type=\"application\/ld+json\" class=\"yoast-schema-graph\">{\"@context\":\"https:\\\/\\\/schema.org\",\"@graph\":[{\"@type\":\"WebPage\",\"@id\":\"https:\\\/\\\/ecotalleres.es\\\/?product=videocurso-masaje-vital\",\"url\":\"https:\\\/\\\/ecotalleres.es\\\/?product=videocurso-masaje-vital\",\"name\":\"VIDEOCURSO MASAJE ENERG\u00c9TICO VITAL ESPIRITUAL - ECOTALLERES\",\"isPartOf\":{\"@id\":\"https:\\\/\\\/ecotalleres.es\\\/#website\"},\"primaryImageOfPage\":{\"@id\":\"https:\\\/\\\/ecotalleres.es\\\/?product=videocurso-masaje-vital#primaryimage\"},\"image\":{\"@id\":\"https:\\\/\\\/ecotalleres.es\\\/?product=videocurso-masaje-vital#primaryimage\"},\"thumbnailUrl\":\"https:\\\/\\\/ecotalleres.es\\\/wp-content\\\/uploads\\\/2021\\\/05\\\/MASAJE-VITAL-18-1-scaled.jpg\",\"datePublished\":\"2021-05-31T18:55:31+00:00\",\"dateModified\":\"2025-02-04T14:59:36+00:00\",\"breadcrumb\":{\"@id\":\"https:\\\/\\\/ecotalleres.es\\\/?product=videocurso-masaje-vital#breadcrumb\"},\"inLanguage\":\"es\",\"potentialAction\":[{\"@type\":\"ReadAction\",\"target\":[\"https:\\\/\\\/ecotalleres.es\\\/?product=videocurso-masaje-vital\"]}]},{\"@type\":\"ImageObject\",\"inLanguage\":\"es\",\"@id\":\"https:\\\/\\\/ecotalleres.es\\\/?product=videocurso-masaje-vital#primaryimage\",\"url\":\"https:\\\/\\\/ecotalleres.es\\\/wp-content\\\/uploads\\\/2021\\\/05\\\/MASAJE-VITAL-18-1-scaled.jpg\",\"contentUrl\":\"https:\\\/\\\/ecotalleres.es\\\/wp-content\\\/uploads\\\/2021\\\/05\\\/MASAJE-VITAL-18-1-scaled.jpg\",\"width\":1920,\"height\":2560},{\"@type\":\"BreadcrumbList\",\"@id\":\"https:\\\/\\\/ecotalleres.es\\\/?product=videocurso-masaje-vital#breadcrumb\",\"itemListElement\":[{\"@type\":\"ListItem\",\"position\":1,\"name\":\"Portada\",\"item\":\"https:\\\/\\\/ecotalleres.es\\\/\"},{\"@type\":\"ListItem\",\"position\":2,\"name\":\"Talleres\",\"item\":\"https:\\\/\\\/ecotalleres.es\\\/?page_id=6\"},{\"@type\":\"ListItem\",\"position\":3,\"name\":\"VIDEOCURSO MASAJE ENERG\u00c9TICO VITAL ESPIRITUAL\"}]},{\"@type\":\"WebSite\",\"@id\":\"https:\\\/\\\/ecotalleres.es\\\/#website\",\"url\":\"https:\\\/\\\/ecotalleres.es\\\/\",\"name\":\"ECOTALLERES\",\"description\":\"Talleres de plantas medicinales y terapias naturales.\",\"publisher\":{\"@id\":\"https:\\\/\\\/ecotalleres.es\\\/#organization\"},\"potentialAction\":[{\"@type\":\"SearchAction\",\"target\":{\"@type\":\"EntryPoint\",\"urlTemplate\":\"https:\\\/\\\/ecotalleres.es\\\/?s={search_term_string}\"},\"query-input\":{\"@type\":\"PropertyValueSpecification\",\"valueRequired\":true,\"valueName\":\"search_term_string\"}}],\"inLanguage\":\"es\"},{\"@type\":\"Organization\",\"@id\":\"https:\\\/\\\/ecotalleres.es\\\/#organization\",\"name\":\"ECOTALLERES\",\"url\":\"https:\\\/\\\/ecotalleres.es\\\/\",\"logo\":{\"@type\":\"ImageObject\",\"inLanguage\":\"es\",\"@id\":\"https:\\\/\\\/ecotalleres.es\\\/#\\\/schema\\\/logo\\\/image\\\/\",\"url\":\"https:\\\/\\\/ecotalleres.es\\\/wp-content\\\/uploads\\\/2021\\\/05\\\/cropped-LOGO-ECOTALLERES-3-1.png\",\"contentUrl\":\"https:\\\/\\\/ecotalleres.es\\\/wp-content\\\/uploads\\\/2021\\\/05\\\/cropped-LOGO-ECOTALLERES-3-1.png\",\"width\":500,\"height\":312,\"caption\":\"ECOTALLERES\"},\"image\":{\"@id\":\"https:\\\/\\\/ecotalleres.es\\\/#\\\/schema\\\/logo\\\/image\\\/\"}}]}<\/script>\n<!-- \/ Yoast SEO plugin. -->","yoast_head_json":{"title":"VIDEOCURSO MASAJE ENERG\u00c9TICO VITAL ESPIRITUAL - ECOTALLERES","robots":{"index":"index","follow":"follow","max-snippet":"max-snippet:-1","max-image-preview":"max-image-preview:large","max-video-preview":"max-video-preview:-1"},"canonical":"https:\/\/ecotalleres.es\/?product=videocurso-masaje-vital","og_locale":"es_ES","og_type":"article","og_title":"VIDEOCURSO MASAJE ENERG\u00c9TICO VITAL ESPIRITUAL - ECOTALLERES","og_description":"Una obra de 35 videos, duraci\u00f3n de 140 minutos. Con fotos, im\u00e1genes y con todos los detalles de las aplicaciones de cada t\u00e9cnica. El Masaje energ\u00e9tico vital espiritual es la energ\u00eda de las esencias de la naturaleza y el universo para aplicarlo al hombre o a cualquier ser vivo. (ESTE VIDEOCURSO VIENE COMPRIMIDO EN RAR, PARA UNA CORRECTA VISUALIZACI\u00d3N DEL CONTENIDO ES RECOMENDABLE EXTRAERLOS TODOS EN SU EQUIPO DE LOS 35 VIDEOS QUE CONTIENE Y VISUALIZARLOS UNA VEZ EXTRA\u00cdDOS. PESO O CAPACIDAD DE LOS VIDEOS: 15 GB).  CON ESTE VIDEO CURSO TIENES DERECHO A CUATRO CONSULTAS POR VIDEOLLAMADA DE UNA HORA CADA UNA, CON EL PROFESOR.  \u2014ATENCI\u00d3N JUNTO AL VIDEO CURSO, SE ADJUNTA DOSIER CON TEXTO Y FOTOGRAF\u00cdAS DE TODAS LAS T\u00c9CNICAS DEL MASAJE VITAL. &nbsp;","og_url":"https:\/\/ecotalleres.es\/?product=videocurso-masaje-vital","og_site_name":"ECOTALLERES","article_modified_time":"2025-02-04T14:59:36+00:00","og_image":[{"width":1920,"height":2560,"url":"https:\/\/ecotalleres.es\/wp-content\/uploads\/2021\/05\/MASAJE-VITAL-18-1-scaled.jpg","type":"image\/jpeg"}],"twitter_card":"summary_large_image","twitter_misc":{"Tiempo de lectura":"1 minuto"},"schema":{"@context":"https:\/\/schema.org","@graph":[{"@type":"WebPage","@id":"https:\/\/ecotalleres.es\/?product=videocurso-masaje-vital","url":"https:\/\/ecotalleres.es\/?product=videocurso-masaje-vital","name":"VIDEOCURSO MASAJE ENERG\u00c9TICO VITAL ESPIRITUAL - ECOTALLERES","isPartOf":{"@id":"https:\/\/ecotalleres.es\/#website"},"primaryImageOfPage":{"@id":"https:\/\/ecotalleres.es\/?product=videocurso-masaje-vital#primaryimage"},"image":{"@id":"https:\/\/ecotalleres.es\/?product=videocurso-masaje-vital#primaryimage"},"thumbnailUrl":"https:\/\/ecotalleres.es\/wp-content\/uploads\/2021\/05\/MASAJE-VITAL-18-1-scaled.jpg","datePublished":"2021-05-31T18:55:31+00:00","dateModified":"2025-02-04T14:59:36+00:00","breadcrumb":{"@id":"https:\/\/ecotalleres.es\/?product=videocurso-masaje-vital#breadcrumb"},"inLanguage":"es","potentialAction":[{"@type":"ReadAction","target":["https:\/\/ecotalleres.es\/?product=videocurso-masaje-vital"]}]},{"@type":"ImageObject","inLanguage":"es","@id":"https:\/\/ecotalleres.es\/?product=videocurso-masaje-vital#primaryimage","url":"https:\/\/ecotalleres.es\/wp-content\/uploads\/2021\/05\/MASAJE-VITAL-18-1-scaled.jpg","contentUrl":"https:\/\/ecotalleres.es\/wp-content\/uploads\/2021\/05\/MASAJE-VITAL-18-1-scaled.jpg","width":1920,"height":2560},{"@type":"BreadcrumbList","@id":"https:\/\/ecotalleres.es\/?product=videocurso-masaje-vital#breadcrumb","itemListElement":[{"@type":"ListItem","position":1,"name":"Portada","item":"https:\/\/ecotalleres.es\/"},{"@type":"ListItem","position":2,"name":"Talleres","item":"https:\/\/ecotalleres.es\/?page_id=6"},{"@type":"ListItem","position":3,"name":"VIDEOCURSO MASAJE ENERG\u00c9TICO VITAL ESPIRITUAL"}]},{"@type":"WebSite","@id":"https:\/\/ecotalleres.es\/#website","url":"https:\/\/ecotalleres.es\/","name":"ECOTALLERES","description":"Talleres de plantas medicinales y terapias naturales.","publisher":{"@id":"https:\/\/ecotalleres.es\/#organization"},"potentialAction":[{"@type":"SearchAction","target":{"@type":"EntryPoint","urlTemplate":"https:\/\/ecotalleres.es\/?s={search_term_string}"},"query-input":{"@type":"PropertyValueSpecification","valueRequired":true,"valueName":"search_term_string"}}],"inLanguage":"es"},{"@type":"Organization","@id":"https:\/\/ecotalleres.es\/#organization","name":"ECOTALLERES","url":"https:\/\/ecotalleres.es\/","logo":{"@type":"ImageObject","inLanguage":"es","@id":"https:\/\/ecotalleres.es\/#\/schema\/logo\/image\/","url":"https:\/\/ecotalleres.es\/wp-content\/uploads\/2021\/05\/cropped-LOGO-ECOTALLERES-3-1.png","contentUrl":"https:\/\/ecotalleres.es\/wp-content\/uploads\/2021\/05\/cropped-LOGO-ECOTALLERES-3-1.png","width":500,"height":312,"caption":"ECOTALLERES"},"image":{"@id":"https:\/\/ecotalleres.es\/#\/schema\/logo\/image\/"}}]}},"_links":{"self":[{"href":"https:\/\/ecotalleres.es\/index.php?rest_route=\/wp\/v2\/product\/976","targetHints":{"allow":["GET"]}}],"collection":[{"href":"https:\/\/ecotalleres.es\/index.php?rest_route=\/wp\/v2\/product"}],"about":[{"href":"https:\/\/ecotalleres.es\/index.php?rest_route=\/wp\/v2\/types\/product"}],"replies":[{"embeddable":true,"href":"https:\/\/ecotalleres.es\/index.php?rest_route=%2Fwp%2Fv2%2Fcomments&post=976"}],"wp:featuredmedia":[{"embeddable":true,"href":"https:\/\/ecotalleres.es\/index.php?rest_route=\/wp\/v2\/media\/818"}],"wp:attachment":[{"href":"https:\/\/ecotalleres.es\/index.php?rest_route=%2Fwp%2Fv2%2Fmedia&parent=976"}],"wp:term":[{"taxonomy":"product_brand","embeddable":true,"href":"https:\/\/ecotalleres.es\/index.php?rest_route=%2Fwp%2Fv2%2Fproduct_brand&post=976"},{"taxonomy":"product_cat","embeddable":true,"href":"https:\/\/ecotalleres.es\/index.php?rest_route=%2Fwp%2Fv2%2Fproduct_cat&post=976"},{"taxonomy":"product_tag","embeddable":true,"href":"https:\/\/ecotalleres.es\/index.php?rest_route=%2Fwp%2Fv2%2Fproduct_tag&post=976"}],"curies":[{"name":"wp","href":"https:\/\/api.w.org\/{rel}","templated":true}]}}