{"id":1062,"date":"2021-06-06T16:18:15","date_gmt":"2021-06-06T16:18:15","guid":{"rendered":"https:\/\/ecotalleres.es\/?post_type=product&#038;p=1062"},"modified":"2026-02-14T20:04:06","modified_gmt":"2026-02-14T20:04:06","slug":"videocurso-botica-eco-de-tomillo-vino-tonico-digestivo","status":"publish","type":"product","link":"https:\/\/ecotalleres.es\/?product=videocurso-botica-eco-de-tomillo-vino-tonico-digestivo","title":{"rendered":"VIDEOCURSO BOTICA ECO DE TOMILLO \u00abVINO T\u00d3NICO DIGESTIVO\u00bb"},"content":{"rendered":"<h6><span style=\"color: #ff0000;\"><strong> INDICACIONES: <span style=\"color: #000000;\">Para hacer bien la digesti\u00f3n, para eliminar toxinas y otros agentes da\u00f1inos para los \u00f3rganos del aparato digestivo, desintoxicante para la sangre y el aparato digestivo, t\u00f3nico y armonioso para todo el organismo, m\u00e1s las funciones ya descritas de cada planta.<\/span><\/strong><\/span><\/h6>\n<p><strong>Por ejemplo, una de las plantas incluidas en esta f\u00f3rmula magistral, adem\u00e1s del tomillo, es el hip\u00e9rico.<\/strong><\/p>\n<h6><span style=\"color: #ff0000;\"><strong>El hip\u00e9rico: <span style=\"color: #000000;\">es buen cicatrizante para las heridas, sobre todo las internas, hemorragias, fragilidad capilar, varices, espasmos intestinales, gastritis, asma, analg\u00e9sico, antidepresivo y antiespasm\u00f3dico.\u00a0<\/span><\/strong><\/span><\/h6>\n","protected":false},"excerpt":{"rendered":"<p><strong>Es un verdadero ant\u00eddoto para combatir la mala alimentaci\u00f3n, para eliminar las toxinas agresoras que proceden de la agricultura convencional&#8230;<\/strong><\/p>\n<p>(PESO Y CAPACIDAD DEL VIDEO, 2,10 GB)<\/p>\n<p><span style=\"color: #0000ff;\"> <strong>CON ESTE VIDEO CURSO TIENES DERECHO A UNA CONSULTA POR VIDEOLLAMADA DE UNA HORA CON EL PROFESOR.<\/strong> <\/span><\/p>\n<h5><span style=\"color: #ff0000;\">\u2014ATENCI\u00d3N JUNTO AL VIDEO CURSO, SE ADJUNTA DOSIER CON F\u00d3RMULA Y ELABORACI\u00d3N<\/span><\/h5>\n","protected":false},"featured_media":1063,"comment_status":"open","ping_status":"closed","template":"","meta":{"_monsterinsights_skip_tracking":false,"_monsterinsights_sitenote_active":false,"_monsterinsights_sitenote_note":"","_monsterinsights_sitenote_category":0,"site-sidebar-layout":"default","site-content-layout":"default","ast-site-content-layout":"default","site-content-style":"default","site-sidebar-style":"default","ast-global-header-display":"","ast-banner-title-visibility":"","ast-main-header-display":"","ast-hfb-above-header-display":"","ast-hfb-below-header-display":"","ast-hfb-mobile-header-display":"","site-post-title":"","ast-breadcrumbs-content":"","ast-featured-img":"","footer-sml-layout":"","ast-disable-related-posts":"","theme-transparent-header-meta":"default","adv-header-id-meta":"","stick-header-meta":"","header-above-stick-meta":"","header-main-stick-meta":"","header-below-stick-meta":"","astra-migrate-meta-layouts":"set","ast-page-background-enabled":"default","ast-page-background-meta":{"desktop":{"background-color":"","background-image":"","background-repeat":"repeat","background-position":"center center","background-size":"auto","background-attachment":"scroll","background-type":"","background-media":"","overlay-type":"","overlay-color":"","overlay-opacity":"","overlay-gradient":""},"tablet":{"background-color":"","background-image":"","background-repeat":"repeat","background-position":"center center","background-size":"auto","background-attachment":"scroll","background-type":"","background-media":"","overlay-type":"","overlay-color":"","overlay-opacity":"","overlay-gradient":""},"mobile":{"background-color":"","background-image":"","background-repeat":"repeat","background-position":"center center","background-size":"auto","background-attachment":"scroll","background-type":"","background-media":"","overlay-type":"","overlay-color":"","overlay-opacity":"","overlay-gradient":""}},"ast-content-background-meta":{"desktop":{"background-color":"var(--ast-global-color-5)","background-image":"","background-repeat":"repeat","background-position":"center center","background-size":"auto","background-attachment":"scroll","background-type":"","background-media":"","overlay-type":"","overlay-color":"","overlay-opacity":"","overlay-gradient":""},"tablet":{"background-color":"var(--ast-global-color-5)","background-image":"","background-repeat":"repeat","background-position":"center center","background-size":"auto","background-attachment":"scroll","background-type":"","background-media":"","overlay-type":"","overlay-color":"","overlay-opacity":"","overlay-gradient":""},"mobile":{"background-color":"var(--ast-global-color-5)","background-image":"","background-repeat":"repeat","background-position":"center center","background-size":"auto","background-attachment":"scroll","background-type":"","background-media":"","overlay-type":"","overlay-color":"","overlay-opacity":"","overlay-gradient":""}}},"product_brand":[],"product_cat":[37],"product_tag":[69,68,66,67],"class_list":{"0":"post-1062","1":"product","2":"type-product","3":"status-publish","4":"has-post-thumbnail","6":"product_cat-videocursos-plantas-medicinales","7":"product_tag-antioxidantes","8":"product_tag-depresion","9":"product_tag-es-bueno-para-la-esclerosis-multiple","10":"product_tag-para-la-ansiedad","11":"desktop-align-left","12":"tablet-align-left","13":"mobile-align-left","15":"first","16":"instock","17":"downloadable","18":"virtual","19":"taxable","20":"purchasable","21":"product-type-simple"},"yoast_head":"<!-- This site is optimized with the Yoast SEO plugin v27.3 - https:\/\/yoast.com\/product\/yoast-seo-wordpress\/ -->\n<title>VIDEOCURSO BOTICA ECO DE TOMILLO &quot;VINO T\u00d3NICO DIGESTIVO&quot; - ECOTALLERES<\/title>\n<meta name=\"robots\" content=\"index, follow, max-snippet:-1, max-image-preview:large, max-video-preview:-1\" \/>\n<link rel=\"canonical\" href=\"https:\/\/ecotalleres.es\/?product=videocurso-botica-eco-de-tomillo-vino-tonico-digestivo\" \/>\n<meta property=\"og:locale\" content=\"es_ES\" \/>\n<meta property=\"og:type\" content=\"article\" \/>\n<meta property=\"og:title\" content=\"VIDEOCURSO BOTICA ECO DE TOMILLO &quot;VINO T\u00d3NICO DIGESTIVO&quot; - ECOTALLERES\" \/>\n<meta property=\"og:description\" content=\"Es un verdadero ant\u00eddoto para combatir la mala alimentaci\u00f3n, para eliminar las toxinas agresoras que proceden de la agricultura convencional...  (PESO Y CAPACIDAD DEL VIDEO, 2,10 GB)   CON ESTE VIDEO CURSO TIENES DERECHO A UNA CONSULTA POR VIDEOLLAMADA DE UNA HORA CON EL PROFESOR.  \u2014ATENCI\u00d3N JUNTO AL VIDEO CURSO, SE ADJUNTA DOSIER CON F\u00d3RMULA Y ELABORACI\u00d3N\" \/>\n<meta property=\"og:url\" content=\"https:\/\/ecotalleres.es\/?product=videocurso-botica-eco-de-tomillo-vino-tonico-digestivo\" \/>\n<meta property=\"og:site_name\" content=\"ECOTALLERES\" \/>\n<meta property=\"article:modified_time\" content=\"2026-02-14T20:04:06+00:00\" \/>\n<meta property=\"og:image\" content=\"https:\/\/ecotalleres.es\/wp-content\/uploads\/2021\/06\/ECOTALLER-TOMILLO-BOTICA-ECO-3-scaled.jpg\" \/>\n\t<meta property=\"og:image:width\" content=\"2560\" \/>\n\t<meta property=\"og:image:height\" content=\"1920\" \/>\n\t<meta property=\"og:image:type\" content=\"image\/jpeg\" \/>\n<meta name=\"twitter:card\" content=\"summary_large_image\" \/>\n<script type=\"application\/ld+json\" class=\"yoast-schema-graph\">{\"@context\":\"https:\\\/\\\/schema.org\",\"@graph\":[{\"@type\":\"WebPage\",\"@id\":\"https:\\\/\\\/ecotalleres.es\\\/?product=videocurso-botica-eco-de-tomillo-vino-tonico-digestivo\",\"url\":\"https:\\\/\\\/ecotalleres.es\\\/?product=videocurso-botica-eco-de-tomillo-vino-tonico-digestivo\",\"name\":\"VIDEOCURSO BOTICA ECO DE TOMILLO \\\"VINO T\u00d3NICO DIGESTIVO\\\" - ECOTALLERES\",\"isPartOf\":{\"@id\":\"https:\\\/\\\/ecotalleres.es\\\/#website\"},\"primaryImageOfPage\":{\"@id\":\"https:\\\/\\\/ecotalleres.es\\\/?product=videocurso-botica-eco-de-tomillo-vino-tonico-digestivo#primaryimage\"},\"image\":{\"@id\":\"https:\\\/\\\/ecotalleres.es\\\/?product=videocurso-botica-eco-de-tomillo-vino-tonico-digestivo#primaryimage\"},\"thumbnailUrl\":\"https:\\\/\\\/ecotalleres.es\\\/wp-content\\\/uploads\\\/2021\\\/06\\\/ECOTALLER-TOMILLO-BOTICA-ECO-3-scaled.jpg\",\"datePublished\":\"2021-06-06T16:18:15+00:00\",\"dateModified\":\"2026-02-14T20:04:06+00:00\",\"breadcrumb\":{\"@id\":\"https:\\\/\\\/ecotalleres.es\\\/?product=videocurso-botica-eco-de-tomillo-vino-tonico-digestivo#breadcrumb\"},\"inLanguage\":\"es\",\"potentialAction\":[{\"@type\":\"ReadAction\",\"target\":[\"https:\\\/\\\/ecotalleres.es\\\/?product=videocurso-botica-eco-de-tomillo-vino-tonico-digestivo\"]}]},{\"@type\":\"ImageObject\",\"inLanguage\":\"es\",\"@id\":\"https:\\\/\\\/ecotalleres.es\\\/?product=videocurso-botica-eco-de-tomillo-vino-tonico-digestivo#primaryimage\",\"url\":\"https:\\\/\\\/ecotalleres.es\\\/wp-content\\\/uploads\\\/2021\\\/06\\\/ECOTALLER-TOMILLO-BOTICA-ECO-3-scaled.jpg\",\"contentUrl\":\"https:\\\/\\\/ecotalleres.es\\\/wp-content\\\/uploads\\\/2021\\\/06\\\/ECOTALLER-TOMILLO-BOTICA-ECO-3-scaled.jpg\",\"width\":2560,\"height\":1920},{\"@type\":\"BreadcrumbList\",\"@id\":\"https:\\\/\\\/ecotalleres.es\\\/?product=videocurso-botica-eco-de-tomillo-vino-tonico-digestivo#breadcrumb\",\"itemListElement\":[{\"@type\":\"ListItem\",\"position\":1,\"name\":\"Portada\",\"item\":\"https:\\\/\\\/ecotalleres.es\\\/\"},{\"@type\":\"ListItem\",\"position\":2,\"name\":\"Talleres\",\"item\":\"https:\\\/\\\/ecotalleres.es\\\/?page_id=6\"},{\"@type\":\"ListItem\",\"position\":3,\"name\":\"VIDEOCURSO BOTICA ECO DE TOMILLO \u00abVINO T\u00d3NICO DIGESTIVO\u00bb\"}]},{\"@type\":\"WebSite\",\"@id\":\"https:\\\/\\\/ecotalleres.es\\\/#website\",\"url\":\"https:\\\/\\\/ecotalleres.es\\\/\",\"name\":\"ECOTALLERES\",\"description\":\"Talleres de plantas medicinales y terapias naturales.\",\"publisher\":{\"@id\":\"https:\\\/\\\/ecotalleres.es\\\/#organization\"},\"potentialAction\":[{\"@type\":\"SearchAction\",\"target\":{\"@type\":\"EntryPoint\",\"urlTemplate\":\"https:\\\/\\\/ecotalleres.es\\\/?s={search_term_string}\"},\"query-input\":{\"@type\":\"PropertyValueSpecification\",\"valueRequired\":true,\"valueName\":\"search_term_string\"}}],\"inLanguage\":\"es\"},{\"@type\":\"Organization\",\"@id\":\"https:\\\/\\\/ecotalleres.es\\\/#organization\",\"name\":\"ECOTALLERES\",\"url\":\"https:\\\/\\\/ecotalleres.es\\\/\",\"logo\":{\"@type\":\"ImageObject\",\"inLanguage\":\"es\",\"@id\":\"https:\\\/\\\/ecotalleres.es\\\/#\\\/schema\\\/logo\\\/image\\\/\",\"url\":\"https:\\\/\\\/ecotalleres.es\\\/wp-content\\\/uploads\\\/2021\\\/05\\\/cropped-LOGO-ECOTALLERES-3-1.png\",\"contentUrl\":\"https:\\\/\\\/ecotalleres.es\\\/wp-content\\\/uploads\\\/2021\\\/05\\\/cropped-LOGO-ECOTALLERES-3-1.png\",\"width\":500,\"height\":312,\"caption\":\"ECOTALLERES\"},\"image\":{\"@id\":\"https:\\\/\\\/ecotalleres.es\\\/#\\\/schema\\\/logo\\\/image\\\/\"}}]}<\/script>\n<!-- \/ Yoast SEO plugin. -->","yoast_head_json":{"title":"VIDEOCURSO BOTICA ECO DE TOMILLO \"VINO T\u00d3NICO DIGESTIVO\" - ECOTALLERES","robots":{"index":"index","follow":"follow","max-snippet":"max-snippet:-1","max-image-preview":"max-image-preview:large","max-video-preview":"max-video-preview:-1"},"canonical":"https:\/\/ecotalleres.es\/?product=videocurso-botica-eco-de-tomillo-vino-tonico-digestivo","og_locale":"es_ES","og_type":"article","og_title":"VIDEOCURSO BOTICA ECO DE TOMILLO \"VINO T\u00d3NICO DIGESTIVO\" - ECOTALLERES","og_description":"Es un verdadero ant\u00eddoto para combatir la mala alimentaci\u00f3n, para eliminar las toxinas agresoras que proceden de la agricultura convencional...  (PESO Y CAPACIDAD DEL VIDEO, 2,10 GB)   CON ESTE VIDEO CURSO TIENES DERECHO A UNA CONSULTA POR VIDEOLLAMADA DE UNA HORA CON EL PROFESOR.  \u2014ATENCI\u00d3N JUNTO AL VIDEO CURSO, SE ADJUNTA DOSIER CON F\u00d3RMULA Y ELABORACI\u00d3N","og_url":"https:\/\/ecotalleres.es\/?product=videocurso-botica-eco-de-tomillo-vino-tonico-digestivo","og_site_name":"ECOTALLERES","article_modified_time":"2026-02-14T20:04:06+00:00","og_image":[{"width":2560,"height":1920,"url":"https:\/\/ecotalleres.es\/wp-content\/uploads\/2021\/06\/ECOTALLER-TOMILLO-BOTICA-ECO-3-scaled.jpg","type":"image\/jpeg"}],"twitter_card":"summary_large_image","schema":{"@context":"https:\/\/schema.org","@graph":[{"@type":"WebPage","@id":"https:\/\/ecotalleres.es\/?product=videocurso-botica-eco-de-tomillo-vino-tonico-digestivo","url":"https:\/\/ecotalleres.es\/?product=videocurso-botica-eco-de-tomillo-vino-tonico-digestivo","name":"VIDEOCURSO BOTICA ECO DE TOMILLO \"VINO T\u00d3NICO DIGESTIVO\" - ECOTALLERES","isPartOf":{"@id":"https:\/\/ecotalleres.es\/#website"},"primaryImageOfPage":{"@id":"https:\/\/ecotalleres.es\/?product=videocurso-botica-eco-de-tomillo-vino-tonico-digestivo#primaryimage"},"image":{"@id":"https:\/\/ecotalleres.es\/?product=videocurso-botica-eco-de-tomillo-vino-tonico-digestivo#primaryimage"},"thumbnailUrl":"https:\/\/ecotalleres.es\/wp-content\/uploads\/2021\/06\/ECOTALLER-TOMILLO-BOTICA-ECO-3-scaled.jpg","datePublished":"2021-06-06T16:18:15+00:00","dateModified":"2026-02-14T20:04:06+00:00","breadcrumb":{"@id":"https:\/\/ecotalleres.es\/?product=videocurso-botica-eco-de-tomillo-vino-tonico-digestivo#breadcrumb"},"inLanguage":"es","potentialAction":[{"@type":"ReadAction","target":["https:\/\/ecotalleres.es\/?product=videocurso-botica-eco-de-tomillo-vino-tonico-digestivo"]}]},{"@type":"ImageObject","inLanguage":"es","@id":"https:\/\/ecotalleres.es\/?product=videocurso-botica-eco-de-tomillo-vino-tonico-digestivo#primaryimage","url":"https:\/\/ecotalleres.es\/wp-content\/uploads\/2021\/06\/ECOTALLER-TOMILLO-BOTICA-ECO-3-scaled.jpg","contentUrl":"https:\/\/ecotalleres.es\/wp-content\/uploads\/2021\/06\/ECOTALLER-TOMILLO-BOTICA-ECO-3-scaled.jpg","width":2560,"height":1920},{"@type":"BreadcrumbList","@id":"https:\/\/ecotalleres.es\/?product=videocurso-botica-eco-de-tomillo-vino-tonico-digestivo#breadcrumb","itemListElement":[{"@type":"ListItem","position":1,"name":"Portada","item":"https:\/\/ecotalleres.es\/"},{"@type":"ListItem","position":2,"name":"Talleres","item":"https:\/\/ecotalleres.es\/?page_id=6"},{"@type":"ListItem","position":3,"name":"VIDEOCURSO BOTICA ECO DE TOMILLO \u00abVINO T\u00d3NICO DIGESTIVO\u00bb"}]},{"@type":"WebSite","@id":"https:\/\/ecotalleres.es\/#website","url":"https:\/\/ecotalleres.es\/","name":"ECOTALLERES","description":"Talleres de plantas medicinales y terapias naturales.","publisher":{"@id":"https:\/\/ecotalleres.es\/#organization"},"potentialAction":[{"@type":"SearchAction","target":{"@type":"EntryPoint","urlTemplate":"https:\/\/ecotalleres.es\/?s={search_term_string}"},"query-input":{"@type":"PropertyValueSpecification","valueRequired":true,"valueName":"search_term_string"}}],"inLanguage":"es"},{"@type":"Organization","@id":"https:\/\/ecotalleres.es\/#organization","name":"ECOTALLERES","url":"https:\/\/ecotalleres.es\/","logo":{"@type":"ImageObject","inLanguage":"es","@id":"https:\/\/ecotalleres.es\/#\/schema\/logo\/image\/","url":"https:\/\/ecotalleres.es\/wp-content\/uploads\/2021\/05\/cropped-LOGO-ECOTALLERES-3-1.png","contentUrl":"https:\/\/ecotalleres.es\/wp-content\/uploads\/2021\/05\/cropped-LOGO-ECOTALLERES-3-1.png","width":500,"height":312,"caption":"ECOTALLERES"},"image":{"@id":"https:\/\/ecotalleres.es\/#\/schema\/logo\/image\/"}}]}},"_links":{"self":[{"href":"https:\/\/ecotalleres.es\/index.php?rest_route=\/wp\/v2\/product\/1062","targetHints":{"allow":["GET"]}}],"collection":[{"href":"https:\/\/ecotalleres.es\/index.php?rest_route=\/wp\/v2\/product"}],"about":[{"href":"https:\/\/ecotalleres.es\/index.php?rest_route=\/wp\/v2\/types\/product"}],"replies":[{"embeddable":true,"href":"https:\/\/ecotalleres.es\/index.php?rest_route=%2Fwp%2Fv2%2Fcomments&post=1062"}],"wp:featuredmedia":[{"embeddable":true,"href":"https:\/\/ecotalleres.es\/index.php?rest_route=\/wp\/v2\/media\/1063"}],"wp:attachment":[{"href":"https:\/\/ecotalleres.es\/index.php?rest_route=%2Fwp%2Fv2%2Fmedia&parent=1062"}],"wp:term":[{"taxonomy":"product_brand","embeddable":true,"href":"https:\/\/ecotalleres.es\/index.php?rest_route=%2Fwp%2Fv2%2Fproduct_brand&post=1062"},{"taxonomy":"product_cat","embeddable":true,"href":"https:\/\/ecotalleres.es\/index.php?rest_route=%2Fwp%2Fv2%2Fproduct_cat&post=1062"},{"taxonomy":"product_tag","embeddable":true,"href":"https:\/\/ecotalleres.es\/index.php?rest_route=%2Fwp%2Fv2%2Fproduct_tag&post=1062"}],"curies":[{"name":"wp","href":"https:\/\/api.w.org\/{rel}","templated":true}]}}