{"id":1055,"date":"2021-06-06T15:11:56","date_gmt":"2021-06-06T15:11:56","guid":{"rendered":"https:\/\/ecotalleres.es\/?post_type=product&#038;p=1055"},"modified":"2026-02-14T20:04:47","modified_gmt":"2026-02-14T20:04:47","slug":"videocurso-de-cosmetica-eco-de-tomillo-balsamo-de-tomillo","status":"publish","type":"product","link":"https:\/\/ecotalleres.es\/?product=videocurso-de-cosmetica-eco-de-tomillo-balsamo-de-tomillo","title":{"rendered":"VIDEOCURSO DE COSM\u00c9TICA ECO DE TOMILLO \u00abB\u00c1LSAMO DE TOMILLO\u00bb"},"content":{"rendered":"<h6 style=\"margin: 0cm; text-align: justify; background: white;\"><strong><span style=\"color: #ff0000;\"><span style=\"font-family: Arial, sans-serif; background: white;\">INDICACIONES:<\/span><\/span><\/strong><span style=\"font-family: 'Arial',sans-serif; color: #222222; background: white;\"> antiinflamatorio, reparador de los tejidos de la piel, alivia los dolores articulares y problema de artritis, re\u00famas, artrosis, dermatitis, limpieza de cutis y piel, eccemas, ci<\/span><span style=\"font-family: 'Arial',sans-serif; color: #222222; background: white;\">catrizante, t\u00f3nico y rejuvenecedor para la piel.<\/span><\/h6>\n<p style=\"margin: 0cm; text-align: justify; background: white;\">\n<p>&nbsp;<\/p>\n","protected":false},"excerpt":{"rendered":"<p><strong>El tomillo mezclado con aceites vegetales se convierte en una fuente rica de antioxidantes.<\/strong><\/p>\n<p>(PESO Y CAPACIDAD DEL VIDEO,\u00a0 1 GB)<\/p>\n<p><span style=\"color: #0000ff;\"> <strong>CON ESTE VIDEO CURSO TIENES DERECHO A UNA CONSULTA POR VIDEOLLAMADA DE UNA HORA CON EL PROFESOR.<\/strong> <\/span><\/p>\n<h5>\u2014<span style=\"color: #ff0000;\">ATENCI\u00d3N JUNTO AL VIDEO CURSO, SE ADJUNTA DOSIER CON F\u00d3RMULA Y ELABORACI\u00d3N<\/span><\/h5>\n","protected":false},"featured_media":1056,"comment_status":"open","ping_status":"closed","template":"","meta":{"_monsterinsights_skip_tracking":false,"_monsterinsights_sitenote_active":false,"_monsterinsights_sitenote_note":"","_monsterinsights_sitenote_category":0,"site-sidebar-layout":"default","site-content-layout":"default","ast-site-content-layout":"default","site-content-style":"default","site-sidebar-style":"default","ast-global-header-display":"","ast-banner-title-visibility":"","ast-main-header-display":"","ast-hfb-above-header-display":"","ast-hfb-below-header-display":"","ast-hfb-mobile-header-display":"","site-post-title":"","ast-breadcrumbs-content":"","ast-featured-img":"","footer-sml-layout":"","ast-disable-related-posts":"","theme-transparent-header-meta":"default","adv-header-id-meta":"","stick-header-meta":"","header-above-stick-meta":"","header-main-stick-meta":"","header-below-stick-meta":"","astra-migrate-meta-layouts":"set","ast-page-background-enabled":"default","ast-page-background-meta":{"desktop":{"background-color":"","background-image":"","background-repeat":"repeat","background-position":"center center","background-size":"auto","background-attachment":"scroll","background-type":"","background-media":"","overlay-type":"","overlay-color":"","overlay-opacity":"","overlay-gradient":""},"tablet":{"background-color":"","background-image":"","background-repeat":"repeat","background-position":"center center","background-size":"auto","background-attachment":"scroll","background-type":"","background-media":"","overlay-type":"","overlay-color":"","overlay-opacity":"","overlay-gradient":""},"mobile":{"background-color":"","background-image":"","background-repeat":"repeat","background-position":"center center","background-size":"auto","background-attachment":"scroll","background-type":"","background-media":"","overlay-type":"","overlay-color":"","overlay-opacity":"","overlay-gradient":""}},"ast-content-background-meta":{"desktop":{"background-color":"var(--ast-global-color-5)","background-image":"","background-repeat":"repeat","background-position":"center center","background-size":"auto","background-attachment":"scroll","background-type":"","background-media":"","overlay-type":"","overlay-color":"","overlay-opacity":"","overlay-gradient":""},"tablet":{"background-color":"var(--ast-global-color-5)","background-image":"","background-repeat":"repeat","background-position":"center center","background-size":"auto","background-attachment":"scroll","background-type":"","background-media":"","overlay-type":"","overlay-color":"","overlay-opacity":"","overlay-gradient":""},"mobile":{"background-color":"var(--ast-global-color-5)","background-image":"","background-repeat":"repeat","background-position":"center center","background-size":"auto","background-attachment":"scroll","background-type":"","background-media":"","overlay-type":"","overlay-color":"","overlay-opacity":"","overlay-gradient":""}}},"product_brand":[],"product_cat":[37],"product_tag":[62,64,65,61,63],"class_list":{"0":"post-1055","1":"product","2":"type-product","3":"status-publish","4":"has-post-thumbnail","6":"product_cat-videocursos-plantas-medicinales","7":"product_tag-artritis","8":"product_tag-artrosis","9":"product_tag-dermatitis","10":"product_tag-para-los-dolores-articulares","11":"product_tag-reuma","12":"desktop-align-left","13":"tablet-align-left","14":"mobile-align-left","16":"first","17":"instock","18":"downloadable","19":"virtual","20":"taxable","21":"purchasable","22":"product-type-simple"},"yoast_head":"<!-- This site is optimized with the Yoast SEO plugin v27.3 - https:\/\/yoast.com\/product\/yoast-seo-wordpress\/ -->\n<title>VIDEOCURSO DE COSM\u00c9TICA ECO DE TOMILLO &quot;B\u00c1LSAMO DE TOMILLO&quot; - ECOTALLERES<\/title>\n<meta name=\"robots\" content=\"index, follow, max-snippet:-1, max-image-preview:large, max-video-preview:-1\" \/>\n<link rel=\"canonical\" href=\"https:\/\/ecotalleres.es\/?product=videocurso-de-cosmetica-eco-de-tomillo-balsamo-de-tomillo\" \/>\n<meta property=\"og:locale\" content=\"es_ES\" \/>\n<meta property=\"og:type\" content=\"article\" \/>\n<meta property=\"og:title\" content=\"VIDEOCURSO DE COSM\u00c9TICA ECO DE TOMILLO &quot;B\u00c1LSAMO DE TOMILLO&quot; - ECOTALLERES\" \/>\n<meta property=\"og:description\" content=\"El tomillo mezclado con aceites vegetales se convierte en una fuente rica de antioxidantes.  (PESO Y CAPACIDAD DEL VIDEO,\u00a0 1 GB)   CON ESTE VIDEO CURSO TIENES DERECHO A UNA CONSULTA POR VIDEOLLAMADA DE UNA HORA CON EL PROFESOR.  \u2014ATENCI\u00d3N JUNTO AL VIDEO CURSO, SE ADJUNTA DOSIER CON F\u00d3RMULA Y ELABORACI\u00d3N\" \/>\n<meta property=\"og:url\" content=\"https:\/\/ecotalleres.es\/?product=videocurso-de-cosmetica-eco-de-tomillo-balsamo-de-tomillo\" \/>\n<meta property=\"og:site_name\" content=\"ECOTALLERES\" \/>\n<meta property=\"article:modified_time\" content=\"2026-02-14T20:04:47+00:00\" \/>\n<meta property=\"og:image\" content=\"https:\/\/ecotalleres.es\/wp-content\/uploads\/2021\/06\/ECOTALLERES-TOMILLO-COSMESTICA-ECO-BALSAMO-DE-TOMILLO-scaled.jpg\" \/>\n\t<meta property=\"og:image:width\" content=\"2137\" \/>\n\t<meta property=\"og:image:height\" content=\"2560\" \/>\n\t<meta property=\"og:image:type\" content=\"image\/jpeg\" \/>\n<meta name=\"twitter:card\" content=\"summary_large_image\" \/>\n<script type=\"application\/ld+json\" class=\"yoast-schema-graph\">{\"@context\":\"https:\\\/\\\/schema.org\",\"@graph\":[{\"@type\":\"WebPage\",\"@id\":\"https:\\\/\\\/ecotalleres.es\\\/?product=videocurso-de-cosmetica-eco-de-tomillo-balsamo-de-tomillo\",\"url\":\"https:\\\/\\\/ecotalleres.es\\\/?product=videocurso-de-cosmetica-eco-de-tomillo-balsamo-de-tomillo\",\"name\":\"VIDEOCURSO DE COSM\u00c9TICA ECO DE TOMILLO \\\"B\u00c1LSAMO DE TOMILLO\\\" - ECOTALLERES\",\"isPartOf\":{\"@id\":\"https:\\\/\\\/ecotalleres.es\\\/#website\"},\"primaryImageOfPage\":{\"@id\":\"https:\\\/\\\/ecotalleres.es\\\/?product=videocurso-de-cosmetica-eco-de-tomillo-balsamo-de-tomillo#primaryimage\"},\"image\":{\"@id\":\"https:\\\/\\\/ecotalleres.es\\\/?product=videocurso-de-cosmetica-eco-de-tomillo-balsamo-de-tomillo#primaryimage\"},\"thumbnailUrl\":\"https:\\\/\\\/ecotalleres.es\\\/wp-content\\\/uploads\\\/2021\\\/06\\\/ECOTALLERES-TOMILLO-COSMESTICA-ECO-BALSAMO-DE-TOMILLO-scaled.jpg\",\"datePublished\":\"2021-06-06T15:11:56+00:00\",\"dateModified\":\"2026-02-14T20:04:47+00:00\",\"breadcrumb\":{\"@id\":\"https:\\\/\\\/ecotalleres.es\\\/?product=videocurso-de-cosmetica-eco-de-tomillo-balsamo-de-tomillo#breadcrumb\"},\"inLanguage\":\"es\",\"potentialAction\":[{\"@type\":\"ReadAction\",\"target\":[\"https:\\\/\\\/ecotalleres.es\\\/?product=videocurso-de-cosmetica-eco-de-tomillo-balsamo-de-tomillo\"]}]},{\"@type\":\"ImageObject\",\"inLanguage\":\"es\",\"@id\":\"https:\\\/\\\/ecotalleres.es\\\/?product=videocurso-de-cosmetica-eco-de-tomillo-balsamo-de-tomillo#primaryimage\",\"url\":\"https:\\\/\\\/ecotalleres.es\\\/wp-content\\\/uploads\\\/2021\\\/06\\\/ECOTALLERES-TOMILLO-COSMESTICA-ECO-BALSAMO-DE-TOMILLO-scaled.jpg\",\"contentUrl\":\"https:\\\/\\\/ecotalleres.es\\\/wp-content\\\/uploads\\\/2021\\\/06\\\/ECOTALLERES-TOMILLO-COSMESTICA-ECO-BALSAMO-DE-TOMILLO-scaled.jpg\",\"width\":2137,\"height\":2560},{\"@type\":\"BreadcrumbList\",\"@id\":\"https:\\\/\\\/ecotalleres.es\\\/?product=videocurso-de-cosmetica-eco-de-tomillo-balsamo-de-tomillo#breadcrumb\",\"itemListElement\":[{\"@type\":\"ListItem\",\"position\":1,\"name\":\"Portada\",\"item\":\"https:\\\/\\\/ecotalleres.es\\\/\"},{\"@type\":\"ListItem\",\"position\":2,\"name\":\"Talleres\",\"item\":\"https:\\\/\\\/ecotalleres.es\\\/?page_id=6\"},{\"@type\":\"ListItem\",\"position\":3,\"name\":\"VIDEOCURSO DE COSM\u00c9TICA ECO DE TOMILLO \u00abB\u00c1LSAMO DE TOMILLO\u00bb\"}]},{\"@type\":\"WebSite\",\"@id\":\"https:\\\/\\\/ecotalleres.es\\\/#website\",\"url\":\"https:\\\/\\\/ecotalleres.es\\\/\",\"name\":\"ECOTALLERES\",\"description\":\"Talleres de plantas medicinales y terapias naturales.\",\"publisher\":{\"@id\":\"https:\\\/\\\/ecotalleres.es\\\/#organization\"},\"potentialAction\":[{\"@type\":\"SearchAction\",\"target\":{\"@type\":\"EntryPoint\",\"urlTemplate\":\"https:\\\/\\\/ecotalleres.es\\\/?s={search_term_string}\"},\"query-input\":{\"@type\":\"PropertyValueSpecification\",\"valueRequired\":true,\"valueName\":\"search_term_string\"}}],\"inLanguage\":\"es\"},{\"@type\":\"Organization\",\"@id\":\"https:\\\/\\\/ecotalleres.es\\\/#organization\",\"name\":\"ECOTALLERES\",\"url\":\"https:\\\/\\\/ecotalleres.es\\\/\",\"logo\":{\"@type\":\"ImageObject\",\"inLanguage\":\"es\",\"@id\":\"https:\\\/\\\/ecotalleres.es\\\/#\\\/schema\\\/logo\\\/image\\\/\",\"url\":\"https:\\\/\\\/ecotalleres.es\\\/wp-content\\\/uploads\\\/2021\\\/05\\\/cropped-LOGO-ECOTALLERES-3-1.png\",\"contentUrl\":\"https:\\\/\\\/ecotalleres.es\\\/wp-content\\\/uploads\\\/2021\\\/05\\\/cropped-LOGO-ECOTALLERES-3-1.png\",\"width\":500,\"height\":312,\"caption\":\"ECOTALLERES\"},\"image\":{\"@id\":\"https:\\\/\\\/ecotalleres.es\\\/#\\\/schema\\\/logo\\\/image\\\/\"}}]}<\/script>\n<!-- \/ Yoast SEO plugin. -->","yoast_head_json":{"title":"VIDEOCURSO DE COSM\u00c9TICA ECO DE TOMILLO \"B\u00c1LSAMO DE TOMILLO\" - ECOTALLERES","robots":{"index":"index","follow":"follow","max-snippet":"max-snippet:-1","max-image-preview":"max-image-preview:large","max-video-preview":"max-video-preview:-1"},"canonical":"https:\/\/ecotalleres.es\/?product=videocurso-de-cosmetica-eco-de-tomillo-balsamo-de-tomillo","og_locale":"es_ES","og_type":"article","og_title":"VIDEOCURSO DE COSM\u00c9TICA ECO DE TOMILLO \"B\u00c1LSAMO DE TOMILLO\" - ECOTALLERES","og_description":"El tomillo mezclado con aceites vegetales se convierte en una fuente rica de antioxidantes.  (PESO Y CAPACIDAD DEL VIDEO,\u00a0 1 GB)   CON ESTE VIDEO CURSO TIENES DERECHO A UNA CONSULTA POR VIDEOLLAMADA DE UNA HORA CON EL PROFESOR.  \u2014ATENCI\u00d3N JUNTO AL VIDEO CURSO, SE ADJUNTA DOSIER CON F\u00d3RMULA Y ELABORACI\u00d3N","og_url":"https:\/\/ecotalleres.es\/?product=videocurso-de-cosmetica-eco-de-tomillo-balsamo-de-tomillo","og_site_name":"ECOTALLERES","article_modified_time":"2026-02-14T20:04:47+00:00","og_image":[{"width":2137,"height":2560,"url":"https:\/\/ecotalleres.es\/wp-content\/uploads\/2021\/06\/ECOTALLERES-TOMILLO-COSMESTICA-ECO-BALSAMO-DE-TOMILLO-scaled.jpg","type":"image\/jpeg"}],"twitter_card":"summary_large_image","schema":{"@context":"https:\/\/schema.org","@graph":[{"@type":"WebPage","@id":"https:\/\/ecotalleres.es\/?product=videocurso-de-cosmetica-eco-de-tomillo-balsamo-de-tomillo","url":"https:\/\/ecotalleres.es\/?product=videocurso-de-cosmetica-eco-de-tomillo-balsamo-de-tomillo","name":"VIDEOCURSO DE COSM\u00c9TICA ECO DE TOMILLO \"B\u00c1LSAMO DE TOMILLO\" - ECOTALLERES","isPartOf":{"@id":"https:\/\/ecotalleres.es\/#website"},"primaryImageOfPage":{"@id":"https:\/\/ecotalleres.es\/?product=videocurso-de-cosmetica-eco-de-tomillo-balsamo-de-tomillo#primaryimage"},"image":{"@id":"https:\/\/ecotalleres.es\/?product=videocurso-de-cosmetica-eco-de-tomillo-balsamo-de-tomillo#primaryimage"},"thumbnailUrl":"https:\/\/ecotalleres.es\/wp-content\/uploads\/2021\/06\/ECOTALLERES-TOMILLO-COSMESTICA-ECO-BALSAMO-DE-TOMILLO-scaled.jpg","datePublished":"2021-06-06T15:11:56+00:00","dateModified":"2026-02-14T20:04:47+00:00","breadcrumb":{"@id":"https:\/\/ecotalleres.es\/?product=videocurso-de-cosmetica-eco-de-tomillo-balsamo-de-tomillo#breadcrumb"},"inLanguage":"es","potentialAction":[{"@type":"ReadAction","target":["https:\/\/ecotalleres.es\/?product=videocurso-de-cosmetica-eco-de-tomillo-balsamo-de-tomillo"]}]},{"@type":"ImageObject","inLanguage":"es","@id":"https:\/\/ecotalleres.es\/?product=videocurso-de-cosmetica-eco-de-tomillo-balsamo-de-tomillo#primaryimage","url":"https:\/\/ecotalleres.es\/wp-content\/uploads\/2021\/06\/ECOTALLERES-TOMILLO-COSMESTICA-ECO-BALSAMO-DE-TOMILLO-scaled.jpg","contentUrl":"https:\/\/ecotalleres.es\/wp-content\/uploads\/2021\/06\/ECOTALLERES-TOMILLO-COSMESTICA-ECO-BALSAMO-DE-TOMILLO-scaled.jpg","width":2137,"height":2560},{"@type":"BreadcrumbList","@id":"https:\/\/ecotalleres.es\/?product=videocurso-de-cosmetica-eco-de-tomillo-balsamo-de-tomillo#breadcrumb","itemListElement":[{"@type":"ListItem","position":1,"name":"Portada","item":"https:\/\/ecotalleres.es\/"},{"@type":"ListItem","position":2,"name":"Talleres","item":"https:\/\/ecotalleres.es\/?page_id=6"},{"@type":"ListItem","position":3,"name":"VIDEOCURSO DE COSM\u00c9TICA ECO DE TOMILLO \u00abB\u00c1LSAMO DE TOMILLO\u00bb"}]},{"@type":"WebSite","@id":"https:\/\/ecotalleres.es\/#website","url":"https:\/\/ecotalleres.es\/","name":"ECOTALLERES","description":"Talleres de plantas medicinales y terapias naturales.","publisher":{"@id":"https:\/\/ecotalleres.es\/#organization"},"potentialAction":[{"@type":"SearchAction","target":{"@type":"EntryPoint","urlTemplate":"https:\/\/ecotalleres.es\/?s={search_term_string}"},"query-input":{"@type":"PropertyValueSpecification","valueRequired":true,"valueName":"search_term_string"}}],"inLanguage":"es"},{"@type":"Organization","@id":"https:\/\/ecotalleres.es\/#organization","name":"ECOTALLERES","url":"https:\/\/ecotalleres.es\/","logo":{"@type":"ImageObject","inLanguage":"es","@id":"https:\/\/ecotalleres.es\/#\/schema\/logo\/image\/","url":"https:\/\/ecotalleres.es\/wp-content\/uploads\/2021\/05\/cropped-LOGO-ECOTALLERES-3-1.png","contentUrl":"https:\/\/ecotalleres.es\/wp-content\/uploads\/2021\/05\/cropped-LOGO-ECOTALLERES-3-1.png","width":500,"height":312,"caption":"ECOTALLERES"},"image":{"@id":"https:\/\/ecotalleres.es\/#\/schema\/logo\/image\/"}}]}},"_links":{"self":[{"href":"https:\/\/ecotalleres.es\/index.php?rest_route=\/wp\/v2\/product\/1055","targetHints":{"allow":["GET"]}}],"collection":[{"href":"https:\/\/ecotalleres.es\/index.php?rest_route=\/wp\/v2\/product"}],"about":[{"href":"https:\/\/ecotalleres.es\/index.php?rest_route=\/wp\/v2\/types\/product"}],"replies":[{"embeddable":true,"href":"https:\/\/ecotalleres.es\/index.php?rest_route=%2Fwp%2Fv2%2Fcomments&post=1055"}],"wp:featuredmedia":[{"embeddable":true,"href":"https:\/\/ecotalleres.es\/index.php?rest_route=\/wp\/v2\/media\/1056"}],"wp:attachment":[{"href":"https:\/\/ecotalleres.es\/index.php?rest_route=%2Fwp%2Fv2%2Fmedia&parent=1055"}],"wp:term":[{"taxonomy":"product_brand","embeddable":true,"href":"https:\/\/ecotalleres.es\/index.php?rest_route=%2Fwp%2Fv2%2Fproduct_brand&post=1055"},{"taxonomy":"product_cat","embeddable":true,"href":"https:\/\/ecotalleres.es\/index.php?rest_route=%2Fwp%2Fv2%2Fproduct_cat&post=1055"},{"taxonomy":"product_tag","embeddable":true,"href":"https:\/\/ecotalleres.es\/index.php?rest_route=%2Fwp%2Fv2%2Fproduct_tag&post=1055"}],"curies":[{"name":"wp","href":"https:\/\/api.w.org\/{rel}","templated":true}]}}